+ 7 = -4*t. Let b be u/(4/(136/(-2))). Suppose 0 = 12*l - b*l + 25. Calculate the highest common divisor of 65 and l.
5
Suppose -2*h - c + 110 = 0, -83 - 199 = -5*h + c. What is the highest common divisor of 536 and h?
8
Let h be 20/70*-7 + 31*1. Suppose -b + h = 6. Let l = -27 - -50. What is the highest common divisor of l and b?
23
Let w(n) = -n**3 + 13*n**2 - 11*n + 30. Let t be w(12). Suppose 6*y = 3*y + t. Suppose -h = -80 - 74. Calculate the highest common divisor of h and y.
14
Let t(d) = -d**3 - 7*d**2 - 90*d - 921. Let f be t(-9). What is the highest common divisor of 5117 and f?
17
Let l(i) = 46*i + 928. Let f be l(-20). Calculate the highest common factor of 2 and f.
2
Let t(p) be the second derivative of -p**3/3 - 5*p**2/2 + 34*p. Let f be t(-9). Calculate the highest common factor of f and 221.
13
Let q(c) = -c**3 + 12*c**2 + 9*c - 66. Let s be q(9). Calculate the greatest common factor of 1677 and s.
129
Suppose 4*d - 3*t - 19 = 2*t, -36 = -d - 5*t. Let u be (-1 - 1 - -2)/1. Suppose -4*o + 4 + 0 = u. Calculate the greatest common divisor of o and d.
1
Suppose -16*i + i = -3150. Suppose -423 = -213*d + i*d. What is the greatest common factor of 3 and d?
3
Let f(a) = a**2 + 1. Let y be f(-3). Let l be (6 + 143/(-22))*-6. Let c be l + -9 + -1 + 9. Calculate the greatest common divisor of y and c.
2
Let s = 9447 - 6391. Suppose 272 - s = -12*c. Calculate the highest common divisor of c and 87.
29
Let h(d) = d**2 - 55*d + 428. Let b be h(9). Calculate the highest common factor of 427 and b.
7
Let i = 123 + 72. Let j be (i/(-10) - -6)*-10. Calculate the greatest common factor of 180 and j.
45
Let n(a) = 22*a**3 - 5. Let h be (-54)/(-6)*(-4)/(-12) - 1. Let g be n(h). What is the greatest common divisor of g and 19?
19
Let y = -20124 - -20412. What is the greatest common divisor of y and 416?
32
Let f = 18605 + -18395. What is the highest common factor of f and 12810?
210
Let a(t) = 3 - 4 + 2 - 2*t**2 - 221*t**3. Let u be a(-1). Suppose -314 = -7*f - d, -5*f + d = -0*d - 214. What is the greatest common factor of f and u?
44
Let y = -315 - -323. Suppose 0 = -2*k - y, -5*z + k + 593 + 551 = 0. Calculate the highest common factor of z and 171.
57
Let z(l) = -451*l + 682. Let x be z(-2). What is the highest common factor of 216 and x?
72
Suppose 2*o - 270 = 238. Suppose 262*d = o*d + 528. Calculate the highest common divisor of 22 and d.
22
Let z(u) = 121*u + 1150. Let q be z(3). Calculate the highest common divisor of q and 17.
17
Suppose -2*i - 5*p = 132 - 277, -235 = -4*i + p. Let m = 189 - 99. What is the greatest common factor of i and m?
30
Let l(b) = 5*b - 7. Let f(j) = j**2 - 11*j + 15. Let g(u) = 2*f(u) + 5*l(u). Let p = 41 - 46. Let t be g(p). What is the greatest common factor of t and 30?
30
Let v = 68 + -133. Let l = v - -70. What is the highest common factor of 85 and l?
5
Let n(s) = -s**3 + 21*s**2 + 1076*s - 23156. Let l be n(22). Let y be 32 - ((0 - -1) + -1). Calculate the greatest common divisor of l and y.
32
Suppose -u + 6*b = -32 - 25, -5*u - 5*b = 30. Let z(l) = -32*l**3 + l**2 + l + 1. Let v be z(-1). What is the highest common factor of v and u?
3
Let r = 2276 + -656. Suppose 0 = 11*j + 7*j - r. Calculate the highest common factor of 144 and j.
18
Let x(v) = -253*v - 5811. Let u be x(-23). Suppose 0 = 3*a - 291 - 357. What is the highest common divisor of a and u?
8
Let l(s) = -40*s**3 - 6*s**2 + 10*s + 12. Let c be l(-9). Calculate the highest common divisor of 12 and c.
12
Let c = 1628 - 1606. Let j(m) = m**3 - 6*m**2 - 7*m - 1. Let d be j(7). Let q be (-4)/2 + (-4)/d. What is the greatest common factor of c and q?
2
Let h be 3 - (4 + -3 + 0). Suppose -2*c = -0*c + h*c. Suppose c*j - 5*v + 10 = -2*j, -4*v = -j - 11. Calculate the highest common divisor of j and 20.
5
Suppose -3*v + 25401 = -13*x + 16*x, 5*v = -35. What is the greatest common factor of 38 and x?
38
Let o be 2447/8 - (286/(-22))/104. Calculate the greatest common factor of o and 2346.
102
Suppose -3*j - z + 145 = 0, 54*j - z - 191 = 50*j. Calculate the highest common divisor of j and 256.
16
Suppose 72*h = 160*h + 872*h - 394563 - 516477. Suppose 54 = 3*k - 165. What is the highest common divisor of h and k?
73
Suppose 3*y + 3*q = 768, q = 5*y + 4*q - 1278. Suppose -102*k + y = -85*k. What is the greatest common divisor of k and 630?
15
Let h(f) = f**3 - 49*f**2 + 5*f - 20. Let s(v) = -12*v**2 + v - 5. Let p(z) = 2*h(z) - 9*s(z). Let a be p(-3). What is the highest common divisor of a and 95?
19
Let i = 245 + -149. Suppose -2*l + 180 = l. Suppose 4*q + p - 14 = 38, 0 = 4*q + 3*p - l. Calculate the greatest common divisor of q and i.
12
Let c = 6486 - 6146. Calculate the highest common factor of 1394 and c.
34
Let j = 33 + -137. Let v be (-6)/(-3) - (-3 + j). Suppose 0*w - 4*w = 12, 4*k = -w + v. What is the highest common divisor of 14 and k?
14
Suppose 4*q = 5*f - 71, f - 27 = 12*q - 8*q. Suppose 3*v - v = 166. Suppose -2*y + 5*j = -201, j = y + 2*j - v. What is the greatest common factor of f and y?
11
Suppose -368 = 70*n - 78*n. Suppose 48*t - 20 = n*t. What is the highest common factor of 290 and t?
10
Let n = -364 + 424. Suppose -21*f + 508 = -122. What is the greatest common factor of f and n?
30
Let w be ((-27)/(-2))/((-150)/(-1000)). Suppose -3*q - w = -5*q. What is the greatest common divisor of q and 144?
9
Suppose -27*v + 9388 = 3*v - 872. Calculate the greatest common factor of v and 38.
38
Let q = -65 + 137. Suppose 2*b = 26 + 10. Calculate the highest common factor of q and b.
18
Let i be -2 + ((-584)/2)/(-2). Let f = -39309 - -39549. What is the highest common factor of f and i?
48
Let f be (-4 + 7)/(-3) + 0. Let h be 237/(-5) + ((-12)/30)/f. Let x = 67 + h. What is the greatest common divisor of 5 and x?
5
Let z(b) = -b**3 - 18*b**2 - 2*b + 12. Let j be z(-18). Calculate the greatest common divisor of j and 6984.
24
Let v(p) = 79*p**2 - 33*p + 3. Let n be v(2). What is the highest common divisor of n and 92?
23
Let i be (-1617)/(-36) + 8/96. Suppose 5*o = 6*z - 4*z - i, 4*z + 3*o = 155. What is the highest common factor of 14 and z?
7
Let t = -4945 - -4952. What is the greatest common factor of t and 80?
1
Let i(w) = -82*w - 23. Let h(m) = 161*m + 44. Let y(f) = 4*h(f) + 7*i(f). Let c be y(3). What is the greatest common factor of c and 375?
75
Suppose -33*m - v = -29*m - 2143, -3*m - v + 1608 = 0. Calculate the highest common divisor of 20 and m.
5
Let h = -236 - -235. Let g be (4*h)/2 + 17 + 4. Calculate the highest common factor of 209 and g.
19
Let q(y) = -y**3 + 37*y**2 - 28*y - 102. Let r be q(36). Suppose r = -30*m + 33*m. Calculate the highest common divisor of 341 and m.
31
Let i be (-23436)/10*(882/(-784))/(6/40). What is the greatest common divisor of 189 and i?
189
Suppose 1551 + 657 = 59*r + 79*r. Let h = -98 - -174. Calculate the greatest common divisor of r and h.
4
Let w = -12156 + 12576. What is the greatest common divisor of w and 4480?
140
Suppose 4*d - 4*y = 4391 + 2857, 2*y = 8. Calculate the greatest common factor of d and 16.
8
Let f = -6543 + 7280. Calculate the highest common factor of f and 66.
11
Let h(m) = m**3 - 2*m**2 - 11. Let a be h(0). Let z = -9 - a. Let r be (-348)/4*2/(-12)*z. Calculate the highest common factor of r and 87.
29
Suppose -w - 5*g - 43 = -48, -4*g = 4*w - 52. Calculate the highest common divisor of w and 395.
5
Let y(j) = -7 + 97*j**2 + 7*j - 15*j - 84*j**2. Let g be y(-1). What is the greatest common divisor of 2 and g?
2
Let y be (-2136)/(-120) + (-1)/(-5). Let z be 27/15 + (-1)/(-5). Let g be (15/(-10))/((-1)/z). What is the highest common factor of g and y?
3
Let g be (6/16)/(30/160). Suppose 4*k = 3*k - 5*j + 16, -3*k - 4*j = -15. Calculate the greatest common factor of g and k.
1
Let w be (-3 + -2 + 6)*-14. Let z be (-3658)/w + (-12)/42. Let a be (z/63 - 5)/((-2)/420). Calculate the highest common divisor of a and 20.
20
Suppose 4*n = 68*x - 71*x + 2087, 0 = 2*x + 4*n - 1398. Calculate the greatest common divisor of 265 and x.
53
Let s(u) = 258*u - 482. Let d be s(4). What is the highest common divisor of 625 and d?
25
Suppose 5*w - 4*g - 105 = 0, 17*w - 14*w - 63 = -2*g. Suppose 4*k = -3*s + 156, k + 2*s - 23 - w = 0. Calculate the highest common divisor of k and 24.
12
Le